[INFO] fetching crate rye-grain 0.0.1...
[INFO] checking rye-grain-0.0.1 against master#e6e4f7ed1589e03bc2f6c5931c1a72e7947e8682 for beta-170-4
[INFO] extracting crate rye-grain 0.0.1 into /workspace/builds/worker-3-tc2/source
[INFO] validating manifest of crates.io crate rye-grain 0.0.1 on toolchain e6e4f7ed1589e03bc2f6c5931c1a72e7947e8682
[INFO] running `Command { std: CARGO_HOME="/workspace/cargo-home" RUSTUP_HOME="/workspace/rustup-home" "/workspace/cargo-home/bin/cargo" "+e6e4f7ed1589e03bc2f6c5931c1a72e7947e8682" "metadata" "--manifest-path" "Cargo.toml" "--no-deps", kill_on_drop: false }`
[INFO] started tweaking crates.io crate rye-grain 0.0.1
[INFO] finished tweaking crates.io crate rye-grain 0.0.1
[INFO] tweaked toml for crates.io crate rye-grain 0.0.1 written to /workspace/builds/worker-3-tc2/source/Cargo.toml
[INFO] crate crates.io crate rye-grain 0.0.1 already has a lockfile, it will not be regenerated
[INFO] running `Command { std: CARGO_HOME="/workspace/cargo-home" RUSTUP_HOME="/workspace/rustup-home" "/workspace/cargo-home/bin/cargo" "+e6e4f7ed1589e03bc2f6c5931c1a72e7947e8682" "fetch" "--manifest-path" "Cargo.toml", kill_on_drop: false }`
[INFO] running `Command { std: "docker" "create" "-v" "/var/lib/crater-agent-workspace/builds/worker-3-tc2/target:/opt/rustwide/target:rw,Z" "-v" "/var/lib/crater-agent-workspace/builds/worker-3-tc2/source:/opt/rustwide/workdir:ro,Z" "-v" "/var/lib/crater-agent-workspace/cargo-home:/opt/rustwide/cargo-home:ro,Z" "-v" "/var/lib/crater-agent-workspace/rustup-home:/opt/rustwide/rustup-home:ro,Z" "-e" "SOURCE_DIR=/opt/rustwide/workdir" "-e" "CARGO_TARGET_DIR=/opt/rustwide/target" "-e" "CARGO_HOME=/opt/rustwide/cargo-home" "-e" "RUSTUP_HOME=/opt/rustwide/rustup-home" "-w" "/opt/rustwide/workdir" "-m" "1610612736" "--user" "0:0" "--network" "none" "ghcr.io/rust-lang/crates-build-env/linux@sha256:19e73879b68f455e41552ea35293514db52ea292d993f571636dbffedb77a1ee" "/opt/rustwide/cargo-home/bin/cargo" "+e6e4f7ed1589e03bc2f6c5931c1a72e7947e8682" "metadata" "--no-deps" "--format-version=1", kill_on_drop: false }`
[INFO] [stdout] 3bae5ccc455812f5d65fc65b109a9d28dc26a7ce22b5786d9ae80956b80217e5
[INFO] running `Command { std: "docker" "start" "-a" "3bae5ccc455812f5d65fc65b109a9d28dc26a7ce22b5786d9ae80956b80217e5", kill_on_drop: false }`
[INFO] running `Command { std: "docker" "inspect" "3bae5ccc455812f5d65fc65b109a9d28dc26a7ce22b5786d9ae80956b80217e5", kill_on_drop: false }`
[INFO] running `Command { std: "docker" "rm" "-f" "3bae5ccc455812f5d65fc65b109a9d28dc26a7ce22b5786d9ae80956b80217e5", kill_on_drop: false }`
[INFO] [stdout] 3bae5ccc455812f5d65fc65b109a9d28dc26a7ce22b5786d9ae80956b80217e5
[INFO] running `Command { std: "docker" "create" "-v" "/var/lib/crater-agent-workspace/builds/worker-3-tc2/target:/opt/rustwide/target:rw,Z" "-v" "/var/lib/crater-agent-workspace/builds/worker-3-tc2/source:/opt/rustwide/workdir:ro,Z" "-v" "/var/lib/crater-agent-workspace/cargo-home:/opt/rustwide/cargo-home:ro,Z" "-v" "/var/lib/crater-agent-workspace/rustup-home:/opt/rustwide/rustup-home:ro,Z" "-e" "SOURCE_DIR=/opt/rustwide/workdir" "-e" "CARGO_TARGET_DIR=/opt/rustwide/target" "-e" "CARGO_INCREMENTAL=0" "-e" "RUST_BACKTRACE=full" "-e" "RUSTFLAGS=--cap-lints=forbid" "-e" "RUSTDOCFLAGS=--cap-lints=forbid" "-e" "CARGO_HOME=/opt/rustwide/cargo-home" "-e" "RUSTUP_HOME=/opt/rustwide/rustup-home" "-w" "/opt/rustwide/workdir" "-m" "1610612736" "--user" "0:0" "--network" "none" "ghcr.io/rust-lang/crates-build-env/linux@sha256:19e73879b68f455e41552ea35293514db52ea292d993f571636dbffedb77a1ee" "/opt/rustwide/cargo-home/bin/cargo" "+e6e4f7ed1589e03bc2f6c5931c1a72e7947e8682" "check" "--frozen" "--all" "--all-targets" "--message-format=json", kill_on_drop: false }`
[INFO] [stdout] 9e9753da30bddc46ddf1570f7c1fdb4a1ffc2add438ca3d118d63213db4eb8d7
[INFO] running `Command { std: "docker" "start" "-a" "9e9753da30bddc46ddf1570f7c1fdb4a1ffc2add438ca3d118d63213db4eb8d7", kill_on_drop: false }`
[INFO] [stderr]    Compiling libc v0.2.137
[INFO] [stderr]    Compiling proc-macro2 v1.0.47
[INFO] [stderr]    Compiling unicode-ident v1.0.5
[INFO] [stderr]    Compiling syn v1.0.104
[INFO] [stderr]    Compiling serde_derive v1.0.148
[INFO] [stderr]    Compiling serde v1.0.148
[INFO] [stderr]    Compiling cc v1.0.77
[INFO] [stderr]    Compiling uncased v0.9.7
[INFO] [stderr]     Checking once_cell v1.16.0
[INFO] [stderr]    Compiling memchr v2.5.0
[INFO] [stderr]    Compiling log v0.4.17
[INFO] [stderr]    Compiling regex-syntax v0.6.28
[INFO] [stderr]    Compiling crossbeam-utils v0.8.14
[INFO] [stderr]     Checking regex v1.7.0
[INFO] [stderr]    Compiling semver v1.0.14
[INFO] [stderr]     Checking itoa v1.0.4
[INFO] [stderr]    Compiling aho-corasick v0.7.20
[INFO] [stderr]    Compiling quote v1.0.21
[INFO] [stderr]     Checking adler v1.0.2
[INFO] [stderr]     Checking ppv-lite86 v0.2.17
[INFO] [stderr]    Compiling ring v0.16.20
[INFO] [stderr]    Compiling phf_shared v0.11.1
[INFO] [stderr]    Compiling num-integer v0.1.45
[INFO] [stderr]    Compiling rand_core v0.6.4
[INFO] [stderr]    Compiling serde_json v1.0.89
[INFO] [stderr]     Checking getrandom v0.2.8
[INFO] [stderr]    Compiling pkg-config v0.3.26
[INFO] [stderr]     Checking encoding_index_tests v0.1.4
[INFO] [stderr]    Compiling rand v0.8.5
[INFO] [stderr]     Checking rand_chacha v0.3.1
[INFO] [stderr]     Checking tinyvec v1.6.0
[INFO] [stderr]    Compiling crc32fast v1.3.2
[INFO] [stderr]    Compiling libz-sys v1.1.8
[INFO] [stderr]     Checking untrusted v0.7.1
[INFO] [stderr]     Checking spin v0.5.2
[INFO] [stderr]     Checking ryu v1.0.11
[INFO] [stderr]    Compiling phf_generator v0.11.1
[INFO] [stderr]     Checking atty v0.2.14
[INFO] [stderr]     Checking time v0.1.45
[INFO] [stderr]     Checking bstr v0.2.17
[INFO] [stderr]     Checking unicode-normalization v0.1.22
[INFO] [stderr]    Compiling memoffset v0.7.1
[INFO] [stderr]     Checking percent-encoding v2.2.0
[INFO] [stderr]     Checking iana-time-zone v0.1.53
[INFO] [stderr]    Compiling camino v1.1.1
[INFO] [stderr]     Checking globset v0.4.9
[INFO] [stderr]     Checking fsio v0.4.0
[INFO] [stderr]    Compiling phf_codegen v0.11.1
[INFO] [stderr]    Compiling proc-macro-error-attr v1.0.4
[INFO] [stderr]    Compiling parse-zoneinfo v0.3.0
[INFO] [stderr]     Checking uuid v1.2.2
[INFO] [stderr]    Compiling phf v0.11.1
[INFO] [stderr]    Compiling backtrace v0.3.66
[INFO] [stderr]     Checking miniz_oxide v0.6.2
[INFO] [stderr]     Checking thread_local v1.1.4
[INFO] [stderr]    Compiling indexmap v1.9.2
[INFO] [stderr]    Compiling crossbeam-epoch v0.9.13
[INFO] [stderr]    Compiling failure_derive v0.1.8
[INFO] [stderr]     Checking gimli v0.26.2
[INFO] [stderr]    Compiling unicode-xid v0.2.4
[INFO] [stderr]    Compiling ucd-trie v0.1.5
[INFO] [stderr]     Checking rustc-demangle v0.1.21
[INFO] [stderr]     Checking flate2 v1.0.25
[INFO] [stderr]     Checking ignore v0.4.18
[INFO] [stderr]    Compiling chrono-tz-build v0.0.3
[INFO] [stderr]     Checking digest v0.10.6
[INFO] [stderr]     Checking webpki v0.22.0
[INFO] [stderr]     Checking num_cpus v1.14.0
[INFO] [stderr]     Checking miniz_oxide v0.5.4
[INFO] [stderr]     Checking object v0.29.0
[INFO] [stderr]     Checking either v1.8.0
[INFO] [stderr]     Checking unicode-bidi v0.3.8
[INFO] [stderr]    Compiling rustls v0.20.7
[INFO] [stderr]     Checking idna v0.3.0
[INFO] [stderr]     Checking sct v0.7.0
[INFO] [stderr]    Compiling proc-macro-error v1.0.4
[INFO] [stderr]    Compiling synstructure v0.12.6
[INFO] [stderr]     Checking form_urlencoded v1.1.0
[INFO] [stderr]     Checking textwrap v0.11.0
[INFO] [stderr]     Checking encoding-index-japanese v1.20141219.5
[INFO] [stderr]    Compiling chrono-tz v0.6.3
[INFO] [stderr]     Checking encoding-index-singlebyte v1.20141219.5
[INFO] [stderr]     Checking encoding-index-tradchinese v1.20141219.5
[INFO] [stderr]     Checking encoding-index-korean v1.20141219.5
[INFO] [stderr]     Checking encoding-index-simpchinese v1.20141219.5
[INFO] [stderr]    Compiling anyhow v1.0.66
[INFO] [stderr]     Checking strsim v0.8.0
[INFO] [stderr]    Compiling rayon-core v1.10.1
[INFO] [stderr]    Compiling unicode-segmentation v1.10.0
[INFO] [stderr]    Compiling cpp_demangle v0.3.5
[INFO] [stderr]     Checking addr2line v0.17.0
[INFO] [stderr]     Checking bytes v1.3.0
[INFO] [stderr]    Compiling time-core v0.1.0
[INFO] [stderr]    Compiling time-macros v0.2.6
[INFO] [stderr]     Checking clap v2.34.0
[INFO] [stderr]    Compiling heck v0.3.3
[INFO] [stderr]     Checking http v0.2.8
[INFO] [stderr]     Checking encoding v0.2.33
[INFO] [stderr]     Checking url v2.3.1
[INFO] [stderr]    Compiling rustc_version v0.4.0
[INFO] [stderr]     Checking crossbeam-deque v0.8.2
[INFO] [stderr]     Checking webpki-roots v0.22.5
[INFO] [stderr]     Checking debugid v0.8.0
[INFO] [stderr]     Checking memmap2 v0.5.8
[INFO] [stderr]     Checking crossbeam-channel v0.5.6
[INFO] [stderr]     Checking bytecount v0.6.3
[INFO] [stderr]     Checking stable_deref_trait v1.2.0
[INFO] [stderr]     Checking nom v1.2.4
[INFO] [stderr]    Compiling symbolic-demangle v9.2.1
[INFO] [stderr]     Checking time v0.3.17
[INFO] [stderr]     Checking symbolic-common v9.2.1
[INFO] [stderr]     Checking papergrid v0.5.1
[INFO] [stderr]     Checking meval v0.2.0
[INFO] [stderr]     Checking sha2 v0.10.6
[INFO] [stderr]    Compiling rstest v0.11.0
[INFO] [stderr]     Checking java-properties v1.4.1
[INFO] [stderr]     Checking cfb v0.7.3
[INFO] [stderr]     Checking which v4.3.0
[INFO] [stderr]     Checking globwalk v0.8.1
[INFO] [stderr]     Checking duckscript v0.7.5
[INFO] [stderr]     Checking colored v2.0.0
[INFO] [stderr]     Checking nix v0.25.1
[INFO] [stderr]     Checking uname v0.1.1
[INFO] [stderr]     Checking dirs-sys-next v0.1.2
[INFO] [stderr]     Checking msvc-demangler v0.9.0
[INFO] [stderr]     Checking unicode_categories v0.1.1
[INFO] [stderr]     Checking home v0.5.4
[INFO] [stderr]     Checking fs_extra v1.2.0
[INFO] [stderr]     Checking glob v0.3.0
[INFO] [stderr]     Checking fixedbitset v0.4.2
[INFO] [stderr]     Checking heck v0.4.0
[INFO] [stderr]    Compiling thiserror-impl v1.0.37
[INFO] [stderr]    Compiling lazy-regex-proc_macros v2.3.1
[INFO] [stderr]     Checking attohttpc v0.23.1
[INFO] [stderr]    Compiling tabled_derive v0.4.0
[INFO] [stderr]    Compiling structopt-derive v0.4.18
[INFO] [stderr]     Checking whoami v1.2.3
[INFO] [stderr]     Checking ctrlc v3.2.3
[INFO] [stderr]     Checking infer v0.9.0
[INFO] [stderr]     Checking failure v0.1.8
[INFO] [stderr]     Checking simplelog v0.12.0
[INFO] [stderr]     Checking tempfile v3.3.0
[INFO] [stderr]     Checking rustc-cfg v0.4.0
[INFO] [stderr]     Checking dirs-next v2.0.0
[INFO] [stderr]     Checking lazy-regex v2.3.1
[INFO] [stderr]     Checking rayon v1.6.0
[INFO] [stderr]     Checking zip v0.6.3
[INFO] [stderr]     Checking md-5 v0.10.5
[INFO] [stderr]     Checking run_script v0.10.0
[INFO] [stderr]     Checking shell2batch v0.4.5
[INFO] [stderr]     Checking fern v0.6.1
[INFO] [stderr]     Checking quick-xml v0.26.0
[INFO] [stderr]     Checking cliparser v0.1.2
[INFO] [stderr]     Checking tabled v0.8.0
[INFO] [stderr]     Checking smallvec v1.10.0
[INFO] [stderr]     Checking git_info v0.1.2
[INFO] [stderr]     Checking rust_info v0.3.2
[INFO] [stderr]     Checking rustc-hash v1.1.0
[INFO] [stderr]     Checking rye-grain v0.0.1 (/opt/rustwide/workdir)
[INFO] [stderr]     Checking thiserror v1.0.37
[INFO] [stderr]    Compiling pest v2.5.1
[INFO] [stderr]     Checking structopt v0.3.26
[INFO] [stderr]    Compiling pest_meta v2.5.1
[INFO] [stderr]    Compiling pest_generator v2.5.1
[INFO] [stderr]    Compiling pest_derive v2.5.1
[INFO] [stderr]     Checking chrono v0.4.23
[INFO] [stderr]     Checking cargo-platform v0.1.2
[INFO] [stderr]     Checking toml v0.5.9
[INFO] [stderr]     Checking serde_ignored v0.1.5
[INFO] [stderr]     Checking lenient_semver_version_builder v0.4.2
[INFO] [stderr]     Checking lenient_semver_parser v0.4.2
[INFO] [stderr]     Checking lenient_semver v0.4.2
[INFO] [stderr]     Checking envmnt v0.10.4
[INFO] [stderr]     Checking petgraph v0.6.2
[INFO] [stderr]     Checking ci_info v0.14.9
[INFO] [stderr]     Checking cargo_metadata v0.14.2
[INFO] [stderr]     Checking cargo_metadata v0.15.2
[INFO] [stderr]     Checking suppaftp v4.5.2
[INFO] [stderr]     Checking duckscriptsdk v0.8.16
[INFO] [stderr]     Checking cargo-binutils v0.3.6
[INFO] [stderr]     Checking cargo-make v0.36.3
[INFO] [stderr]     Checking tera v1.17.1
[INFO] [stderr]     Checking grcov v0.8.13
[INFO] [stdout] error[E0433]: failed to resolve: use of undeclared crate or module `rye`
[INFO] [stdout]  --> tests/newline_tokens.rs:3:5
[INFO] [stdout]   |
[INFO] [stdout] 3 | use rye::tokens::{Token, TokenType};
[INFO] [stdout]   |     ^^^ use of undeclared crate or module `rye`
[INFO] [stdout] 
[INFO] [stdout] 
[INFO] [stdout] error[E0433]: failed to resolve: use of undeclared crate or module `rye`
[INFO] [stdout]  --> tests/common/mod.rs:2:5
[INFO] [stdout]   |
[INFO] [stdout] 2 | use rye::tokenize::TokenStream;
[INFO] [stdout]   |     ^^^ use of undeclared crate or module `rye`
[INFO] [stdout] 
[INFO] [stdout] 
[INFO] [stdout] error[E0433]: failed to resolve: use of undeclared crate or module `rye`
[INFO] [stdout]  --> tests/common/mod.rs:3:5
[INFO] [stdout]   |
[INFO] [stdout] 3 | use rye::tokens::{Token, TokenType};
[INFO] [stdout]   |     ^^^ use of undeclared crate or module `rye`
[INFO] [stdout] 
[INFO] [stdout] 
[INFO] [stdout] error[E0433]: failed to resolve: use of undeclared crate or module `rye`
[INFO] [stdout]  --> tests/comment_tokens.rs:3:5
[INFO] [stdout]   |
[INFO] [stdout] 3 | use rye::tokens::{Token, TokenType};
[INFO] [stdout]   |     ^^^ use of undeclared crate or module `rye`
[INFO] [stdout] 
[INFO] [stdout] 
[INFO] [stdout] error[E0433]: failed to resolve: use of undeclared crate or module `rye`
[INFO] [stdout]  --> tests/common/mod.rs:2:5
[INFO] [stdout]   |
[INFO] [stdout] 2 | use rye::tokenize::TokenStream;
[INFO] [stdout]   |     ^^^ use of undeclared crate or module `rye`
[INFO] [stdout] 
[INFO] [stdout] 
[INFO] [stdout] error[E0433]: failed to resolve: use of undeclared crate or module `rye`
[INFO] [stdout]  --> tests/common/mod.rs:3:5
[INFO] [stdout]   |
[INFO] [stdout] 3 | use rye::tokens::{Token, TokenType};
[INFO] [stdout]   |     ^^^ use of undeclared crate or module `rye`
[INFO] [stdout] 
[INFO] [stdout] 
[INFO] [stdout] error[E0433]: failed to resolve: use of undeclared crate or module `rye`
[INFO] [stdout]  --> tests/name_tokens.rs:3:5
[INFO] [stdout]   |
[INFO] [stdout] 3 | use rye::tokens::{Token, TokenType};
[INFO] [stdout]   |     ^^^ use of undeclared crate or module `rye`
[INFO] [stdout] 
[INFO] [stdout] 
[INFO] [stdout] error[E0433]: failed to resolve: use of undeclared crate or module `rye`
[INFO] [stdout]  --> tests/common/mod.rs:2:5
[INFO] [stdout]   |
[INFO] [stdout] 2 | use rye::tokenize::TokenStream;
[INFO] [stdout]   |     ^^^ use of undeclared crate or module `rye`
[INFO] [stdout] 
[INFO] [stdout] 
[INFO] [stdout] error[E0433]: failed to resolve: use of undeclared crate or module `rye`
[INFO] [stdout]  --> tests/common/mod.rs:3:5
[INFO] [stdout]   |
[INFO] [stdout] 3 | use rye::tokens::{Token, TokenType};
[INFO] [stdout]   |     ^^^ use of undeclared crate or module `rye`
[INFO] [stdout] 
[INFO] [stdout] 
[INFO] [stdout] error[E0433]: failed to resolve: use of undeclared crate or module `rye`
[INFO] [stdout]  --> tests/no_tokens.rs:3:5
[INFO] [stdout]   |
[INFO] [stdout] 3 | use rye::tokens::{Token, TokenType};
[INFO] [stdout]   |     ^^^ use of undeclared crate or module `rye`
[INFO] [stdout] 
[INFO] [stdout] 
[INFO] [stdout] error[E0433]: failed to resolve: use of undeclared crate or module `rye`
[INFO] [stdout]  --> tests/common/mod.rs:2:5
[INFO] [stdout]   |
[INFO] [stdout] 2 | use rye::tokenize::TokenStream;
[INFO] [stdout]   |     ^^^ use of undeclared crate or module `rye`
[INFO] [stdout] 
[INFO] [stdout] 
[INFO] [stdout] error[E0433]: failed to resolve: use of undeclared crate or module `rye`
[INFO] [stdout]  --> tests/common/mod.rs:3:5
[INFO] [stdout]   |
[INFO] [stdout] 3 | use rye::tokens::{Token, TokenType};
[INFO] [stdout]   |     ^^^ use of undeclared crate or module `rye`
[INFO] [stdout] 
[INFO] [stdout] 
[INFO] [stdout] error[E0433]: failed to resolve: use of undeclared crate or module `rye`
[INFO] [stdout]  --> tests/dent_tokens.rs:6:5
[INFO] [stdout]   |
[INFO] [stdout] 6 | use rye::tokenize::TokenStream;
[INFO] [stdout]   |     ^^^ use of undeclared crate or module `rye`
[INFO] [stdout] 
[INFO] [stdout] 
[INFO] [stdout] error[E0433]: failed to resolve: use of undeclared crate or module `rye`
[INFO] [stdout]  --> tests/dent_tokens.rs:7:5
[INFO] [stdout]   |
[INFO] [stdout] 7 | use rye::tokens::{Token, TokenType};
[INFO] [stdout]   |     ^^^ use of undeclared crate or module `rye`
[INFO] [stdout] 
[INFO] [stdout] 
[INFO] [stdout] error[E0433]: failed to resolve: use of undeclared crate or module `rye`
[INFO] [stdout]  --> tests/common/mod.rs:2:5
[INFO] [stdout]   |
[INFO] [stdout] 2 | use rye::tokenize::TokenStream;
[INFO] [stdout]   |     ^^^ use of undeclared crate or module `rye`
[INFO] [stdout] 
[INFO] [stdout] 
[INFO] [stdout] error[E0433]: failed to resolve: use of undeclared crate or module `rye`
[INFO] [stdout]  --> tests/common/mod.rs:3:5
[INFO] [stdout]   |
[INFO] [stdout] 3 | use rye::tokens::{Token, TokenType};
[INFO] [stdout]   |     ^^^ use of undeclared crate or module `rye`
[INFO] [stdout] 
[INFO] [stdout] 
[INFO] [stdout] error: aborting due to 3 previous errors
[INFO] [stdout] 
[INFO] [stdout] 
[INFO] [stdout] For more information about this error, try `rustc --explain E0433`.
[INFO] [stdout] 
[INFO] [stdout] error: aborting due to 3 previous errors
[INFO] [stdout] 
[INFO] [stdout] 
[INFO] [stdout] For more information about this error, try `rustc --explain E0433`.
[INFO] [stdout] 
[INFO] [stderr] error: could not compile `rye-grain` (test "comment_tokens") due to 4 previous errors
[INFO] [stderr] warning: build failed, waiting for other jobs to finish...
[INFO] [stderr] error: could not compile `rye-grain` (test "newline_tokens") due to 4 previous errors
[INFO] [stdout] error: aborting due to 3 previous errors
[INFO] [stdout] 
[INFO] [stdout] 
[INFO] [stdout] For more information about this error, try `rustc --explain E0433`.
[INFO] [stdout] 
[INFO] [stdout] error: aborting due to 3 previous errors
[INFO] [stdout] 
[INFO] [stdout] 
[INFO] [stdout] For more information about this error, try `rustc --explain E0433`.
[INFO] [stdout] 
[INFO] [stderr] error: could not compile `rye-grain` (test "no_tokens") due to 4 previous errors
[INFO] [stderr] error: could not compile `rye-grain` (test "name_tokens") due to 4 previous errors
[INFO] [stdout] error: aborting due to 4 previous errors
[INFO] [stdout] 
[INFO] [stdout] 
[INFO] [stdout] For more information about this error, try `rustc --explain E0433`.
[INFO] [stdout] 
[INFO] [stderr] error: could not compile `rye-grain` (test "dent_tokens") due to 5 previous errors
[INFO] [stdout] error[E0433]: failed to resolve: use of undeclared crate or module `rye`
[INFO] [stdout]  --> tests/symbol_tokens.rs:3:5
[INFO] [stdout]   |
[INFO] [stdout] 3 | use rye::tokens::{Token, TokenType};
[INFO] [stdout]   |     ^^^ use of undeclared crate or module `rye`
[INFO] [stdout] 
[INFO] [stdout] 
[INFO] [stdout] error[E0433]: failed to resolve: use of undeclared crate or module `rye`
[INFO] [stdout]  --> tests/common/mod.rs:2:5
[INFO] [stdout]   |
[INFO] [stdout] 2 | use rye::tokenize::TokenStream;
[INFO] [stdout]   |     ^^^ use of undeclared crate or module `rye`
[INFO] [stdout] 
[INFO] [stdout] 
[INFO] [stdout] error[E0433]: failed to resolve: use of undeclared crate or module `rye`
[INFO] [stdout]  --> tests/common/mod.rs:3:5
[INFO] [stdout]   |
[INFO] [stdout] 3 | use rye::tokens::{Token, TokenType};
[INFO] [stdout]   |     ^^^ use of undeclared crate or module `rye`
[INFO] [stdout] 
[INFO] [stdout] 
[INFO] [stdout] error: aborting due to 3 previous errors
[INFO] [stdout] 
[INFO] [stdout] 
[INFO] [stdout] For more information about this error, try `rustc --explain E0433`.
[INFO] [stdout] 
[INFO] [stderr] error: could not compile `rye-grain` (test "symbol_tokens") due to 4 previous errors
[INFO] [stdout] error[E0433]: failed to resolve: use of undeclared crate or module `rye`
[INFO] [stdout]  --> tests/string_tokens.rs:3:5
[INFO] [stdout]   |
[INFO] [stdout] 3 | use rye::tokens::{Token, TokenType};
[INFO] [stdout]   |     ^^^ use of undeclared crate or module `rye`
[INFO] [stdout] 
[INFO] [stdout] 
[INFO] [stdout] error[E0433]: failed to resolve: use of undeclared crate or module `rye`
[INFO] [stdout]  --> tests/common/mod.rs:2:5
[INFO] [stdout]   |
[INFO] [stdout] 2 | use rye::tokenize::TokenStream;
[INFO] [stdout]   |     ^^^ use of undeclared crate or module `rye`
[INFO] [stdout] 
[INFO] [stdout] 
[INFO] [stdout] error[E0433]: failed to resolve: use of undeclared crate or module `rye`
[INFO] [stdout]  --> tests/common/mod.rs:3:5
[INFO] [stdout]   |
[INFO] [stdout] 3 | use rye::tokens::{Token, TokenType};
[INFO] [stdout]   |     ^^^ use of undeclared crate or module `rye`
[INFO] [stdout] 
[INFO] [stdout] 
[INFO] [stdout] error: aborting due to 3 previous errors
[INFO] [stdout] 
[INFO] [stdout] 
[INFO] [stdout] For more information about this error, try `rustc --explain E0433`.
[INFO] [stdout] 
[INFO] [stderr] error: could not compile `rye-grain` (test "string_tokens") due to 4 previous errors
[INFO] running `Command { std: "docker" "inspect" "9e9753da30bddc46ddf1570f7c1fdb4a1ffc2add438ca3d118d63213db4eb8d7", kill_on_drop: false }`
[INFO] running `Command { std: "docker" "rm" "-f" "9e9753da30bddc46ddf1570f7c1fdb4a1ffc2add438ca3d118d63213db4eb8d7", kill_on_drop: false }`
[INFO] [stdout] 9e9753da30bddc46ddf1570f7c1fdb4a1ffc2add438ca3d118d63213db4eb8d7
